{"id":411,"date":"2022-01-20T10:58:17","date_gmt":"2022-01-20T09:58:17","guid":{"rendered":"http:\/\/renergies.fr\/index.php\/brite\/"},"modified":"2025-11-19T14:29:17","modified_gmt":"2025-11-19T13:29:17","slug":"brite","status":"publish","type":"page","link":"https:\/\/renergies.fr\/","title":{"rendered":"Front Page"},"content":{"rendered":"<div class=\"style-186 style-local-411-c1 position-relative\" data-colibri-id=\"411-c1\">\n<div id=\"custom\" class=\"h-section h-section-global-spacing d-flex align-items-lg-center align-items-md-center align-items-center style-659 style-local-411-c2 position-relative\" data-colibri-component=\"section\" data-colibri-id=\"411-c2\">\n<div class=\"h-section-grid-container h-section-boxed-container\">\n<div class=\"h-row-container gutters-row-lg-2 gutters-row-md-2 gutters-row-0 gutters-row-v-lg-2 gutters-row-v-md-2 gutters-row-v-2 style-660 style-local-411-c3 position-relative\" data-colibri-id=\"411-c3\">\n<div class=\"h-row justify-content-lg-center justify-content-md-center justify-content-center align-items-lg-stretch align-items-md-stretch align-items-stretch gutters-col-lg-2 gutters-col-md-2 gutters-col-0 gutters-col-v-lg-2 gutters-col-v-md-2 gutters-col-v-2\">\n<div class=\"h-column h-column-container d-flex h-col-lg-auto h-col-md-auto h-col-auto style-661-outer style-local-411-c4-outer\">\n<div class=\"d-flex h-flex-basis h-column__inner h-px-lg-2 h-px-md-2 h-px-2 v-inner-lg-2 v-inner-md-2 v-inner-2 style-661 style-local-411-c4 position-relative\" data-colibri-id=\"411-c4\">\n<div class=\"w-100 h-y-container h-column__content h-column__v-align flex-basis-100 align-self-lg-start align-self-md-start align-self-start\">\n<div class=\"h-global-transition-all h-heading style-664 style-local-411-c5 position-relative h-element\" data-colibri-id=\"411-c5\">\n<div class=\"h-heading__outer style-664 style-local-411-c5\">\n<h1 class=\"\">Notre activit\u00e9<\/h1>\n<\/div>\n<\/div>\n<div class=\"h-text h-text-component style-663 style-local-411-c6 position-relative h-element\" data-colibri-id=\"411-c6\">\n<div class=\"\">\n\nFond\u00e9e par des experts dans leur domaine, Renergies est une soci\u00e9t\u00e9 sp\u00e9cialis\u00e9 dans le secteur du photovolta\u00efque. Plus pr\u00e9cis\u00e9ment nous agissons dans les domaines des champs solaires et de l&#8217;agrivolta\u00efsme.\n\n<\/div>\n<\/div>\n<div class=\"h-x-container style-666 style-local-411-c7 position-relative h-element\" data-colibri-id=\"411-c7\">\n<div class=\"h-x-container-inner style-dynamic-411-c7-group style-666-spacing style-local-411-c7-spacing\"><span class=\"h-button__outer style-667-outer style-local-411-c8-outer d-inline-flex h-element\"><a class=\"d-flex w-100 align-items-center h-button justify-content-lg-center justify-content-md-center justify-content-center style-667 style-local-411-c8 position-relative\" href=\"http:\/\/renergies.fr\/index.php\/activite\/\" data-colibri-id=\"411-c8\"> En savoir plus <\/a>\n<\/span><\/div>\n<\/div>\n<\/div>\n<\/div>\n<\/div>\n<div class=\"h-column h-column-container d-flex h-col-lg-auto h-col-md-auto h-col-auto style-662-outer style-local-411-c9-outer\">\n<div class=\"d-flex h-flex-basis h-column__inner h-px-lg-2 h-px-md-2 h-px-2 v-inner-lg-2 v-inner-md-2 v-inner-2 style-662 style-local-411-c9 position-relative\" data-colibri-id=\"411-c9\">\n<div class=\"w-100 h-y-container h-column__content h-column__v-align flex-basis-100 align-self-lg-start align-self-md-start align-self-start\">\n<div class=\"d-block style-665 style-local-411-c10 position-relative h-element\" data-colibri-id=\"411-c10\">\n<div class=\"h-image__frame-container-outer\">\n<div class=\"h-image__frame-container\">\n\n<img loading=\"lazy\" decoding=\"async\" width=\"487\" height=\"247\" class=\"wp-image-1944 style-665-image style-local-411-c10-image\" src=\"http:\/\/renergies.fr\/wp-content\/uploads\/2022\/07\/cropped-agrivoltaisme-poule-PS-2.png\" alt=\"\" srcset=\"https:\/\/renergies.fr\/wp-content\/uploads\/2022\/07\/cropped-agrivoltaisme-poule-PS-2.png 487w, https:\/\/renergies.fr\/wp-content\/uploads\/2022\/07\/cropped-agrivoltaisme-poule-PS-2-300x152.png 300w\" sizes=\"auto, (max-width: 487px) 100vw, 487px\" \/>\n<div class=\"h-image__frame h-hide-lg h-hide-md h-hide-sm style-665-frameImage style-local-411-c10-frameImage\"><\/div>\n<\/div>\n<\/div>\n<\/div>\n<\/div>\n<\/div>\n<\/div>\n<\/div>\n<\/div>\n<\/div>\n<\/div>\n<div id=\"custom-2\" class=\"h-section h-section-global-spacing d-flex align-items-lg-center align-items-md-center align-items-center style-668 style-local-411-c11 position-relative\" data-colibri-component=\"section\" data-colibri-id=\"411-c11\">\n<div class=\"h-section-grid-container h-section-boxed-container\">\n<div class=\"h-row-container gutters-row-lg-2 gutters-row-md-2 gutters-row-0 gutters-row-v-lg-2 gutters-row-v-md-2 gutters-row-v-2 style-669 style-local-411-c12 position-relative\" data-colibri-id=\"411-c12\">\n<div class=\"h-row justify-content-lg-center justify-content-md-center justify-content-center align-items-lg-stretch align-items-md-stretch align-items-stretch gutters-col-lg-2 gutters-col-md-2 gutters-col-0 gutters-col-v-lg-2 gutters-col-v-md-2 gutters-col-v-2\">\n<div class=\"h-column h-column-container d-flex h-col-lg-auto h-col-md-auto h-col-auto style-670-outer style-local-411-c13-outer\">\n<div class=\"d-flex h-flex-basis h-column__inner h-px-lg-2 h-px-md-2 h-px-2 v-inner-lg-2 v-inner-md-2 v-inner-2 style-670 style-local-411-c13 position-relative\" data-colibri-id=\"411-c13\">\n<div class=\"w-100 h-y-container h-column__content h-column__v-align flex-basis-100 align-self-lg-start align-self-md-start align-self-start\">\n<div class=\"d-block style-688 style-local-411-c14 position-relative h-element\" data-colibri-id=\"411-c14\">\n<div class=\"h-image__frame-container-outer\">\n<div class=\"h-image__frame-container\">\n\n<img loading=\"lazy\" decoding=\"async\" width=\"744\" height=\"707\" class=\"wp-image-1945 style-688-image style-local-411-c14-image\" src=\"http:\/\/renergies.fr\/wp-content\/uploads\/2022\/07\/cropped-cropped-cropped-cropped-agrivoltaique2-1.png\" alt=\"\" srcset=\"https:\/\/renergies.fr\/wp-content\/uploads\/2022\/07\/cropped-cropped-cropped-cropped-agrivoltaique2-1.png 744w, https:\/\/renergies.fr\/wp-content\/uploads\/2022\/07\/cropped-cropped-cropped-cropped-agrivoltaique2-1-300x285.png 300w\" sizes=\"auto, (max-width: 744px) 100vw, 744px\" \/>\n<div class=\"h-image__frame h-hide-lg h-hide-md h-hide-sm style-688-frameImage style-local-411-c14-frameImage\"><\/div>\n<\/div>\n<\/div>\n<\/div>\n<div class=\"h-global-transition-all h-heading style-692 style-local-411-c15 position-relative h-element\" data-colibri-id=\"411-c15\">\n<div class=\"h-heading__outer style-692 style-local-411-c15\">\n<h2 class=\"\">Agrivolta\u00efsme<\/h2>\n<\/div>\n<\/div>\n<div class=\"h-text h-text-component style-690 style-local-411-c16 position-relative h-element\" data-colibri-id=\"411-c16\">\n<div class=\"\">\n\nG\u00e9n\u00e9rez des revenus suppl\u00e9mentaires gr\u00e2ce \u00e0 vos terres agricoles ! Faites coexister \u00e9levage et production d&#8217;\u00e9nergie solaire, g\u00e9n\u00e9rez une boucle d&#8217;\u00e9nergie locale et assurez vous un revenu garantie annuel.\n\n<\/div>\n<\/div>\n<div class=\"h-x-container style-694 style-local-411-c21 position-relative h-element\" data-colibri-id=\"411-c21\">\n<div class=\"h-x-container-inner style-dynamic-411-c21-group style-694-spacing style-local-411-c21-spacing\"><span class=\"h-button__outer style-695-outer style-local-411-c22-outer d-inline-flex h-element\"><a class=\"d-flex w-100 align-items-center h-button justify-content-lg-center justify-content-md-center justify-content-center style-695 style-local-411-c22 position-relative\" href=\"http:\/\/renergies.fr\/index.php\/nos-offres\/#agrivoltaisme\" data-colibri-id=\"411-c22\"> En savoir plus sur l&#8217;agrivolta\u00efsme<\/a>\n<\/span><\/div>\n<\/div>\n<\/div>\n<\/div>\n<\/div>\n<div class=\"h-column h-column-container d-flex h-col-lg-auto h-col-md-auto h-col-auto style-671-outer style-local-411-c17-outer\">\n<div class=\"d-flex h-flex-basis h-column__inner h-px-lg-2 h-px-md-2 h-px-2 v-inner-lg-2 v-inner-md-2 v-inner-2 style-671 style-local-411-c17 position-relative\" data-colibri-id=\"411-c17\">\n<div class=\"w-100 h-y-container h-column__content h-column__v-align flex-basis-100 align-self-lg-start align-self-md-start align-self-start\">\n<div class=\"h-global-transition-all h-heading style-693 style-local-411-c18 position-relative h-element\" data-colibri-id=\"411-c18\">\n<div class=\"h-heading__outer style-693 style-local-411-c18\">\n<h2 class=\"\">Champs solaires<\/h2>\n<\/div>\n<\/div>\n<div class=\"h-text h-text-component style-691 style-local-411-c19 position-relative h-element\" data-colibri-id=\"411-c19\">\n<div class=\"\">\n\nNe laissez pas perdre vos hectares de terrain et profitez d&#8217;une installation photovolta\u00efque qui vous assure un revenu annuel stable.\n\n<\/div>\n<\/div>\n<div class=\"h-x-container style-696 style-local-411-c23 position-relative h-element\" data-colibri-id=\"411-c23\">\n<div class=\"h-x-container-inner style-dynamic-411-c23-group style-696-spacing style-local-411-c23-spacing\"><span class=\"h-button__outer style-697-outer style-local-411-c24-outer d-inline-flex h-element\"><a class=\"d-flex w-100 align-items-center h-button justify-content-lg-center justify-content-md-center justify-content-center style-697 style-local-411-c24 position-relative\" href=\"http:\/\/renergies.fr\/index.php\/nos-offres\/#solaire-au-sol\" data-colibri-id=\"411-c24\"> En savoir plus sur les champs solaires<\/a>\n<\/span><\/div>\n<\/div>\n<div class=\"h-text h-text-component style-699 style-local-411-c26 position-relative h-element\" data-colibri-id=\"411-c26\">\n<div class=\"\">\n\nPour savoir si vos terrains sont \u00e9ligibles au photovolta\u00efque, contactez nous au :\n\n06 45 78 93 81 ou via ce formulaire :\n\n<\/div>\n<\/div>\n<div class=\"h-x-container style-700 style-local-411-c27 position-relative h-element\" data-colibri-id=\"411-c27\">\n<div class=\"h-x-container-inner style-dynamic-411-c27-group style-700-spacing style-local-411-c27-spacing\"><span class=\"h-link__outer style-701-outer style-local-411-c28-outer d-inline-flex h-element\"><a class=\"d-flex w-100 align-items-center h-link style-701 style-local-411-c28 position-relative\" href=\"http:\/\/renergies.fr\/index.php\/contact\/\" data-colibri-id=\"411-c28\"> Formulaire de contact<\/a>\n<\/span><\/div>\n<\/div>\n<div class=\"d-block style-689 style-local-411-c20 position-relative h-element\" data-colibri-id=\"411-c20\">\n<div class=\"h-image__frame-container-outer\">\n<div class=\"h-image__frame-container\">\n\n<img loading=\"lazy\" decoding=\"async\" width=\"1228\" height=\"1160\" class=\"wp-image-1946 style-689-image style-local-411-c20-image\" src=\"http:\/\/renergies.fr\/wp-content\/uploads\/2022\/06\/cropped-cropped-pose-au-sol.png\" alt=\"Installation solaire au sol\" srcset=\"https:\/\/renergies.fr\/wp-content\/uploads\/2022\/06\/cropped-cropped-pose-au-sol.png 1228w, https:\/\/renergies.fr\/wp-content\/uploads\/2022\/06\/cropped-cropped-pose-au-sol-300x283.png 300w, https:\/\/renergies.fr\/wp-content\/uploads\/2022\/06\/cropped-cropped-pose-au-sol-1024x967.png 1024w, https:\/\/renergies.fr\/wp-content\/uploads\/2022\/06\/cropped-cropped-pose-au-sol-768x725.png 768w\" sizes=\"auto, (max-width: 1228px) 100vw, 1228px\" \/>\n<div class=\"h-image__frame h-hide-lg h-hide-md h-hide-sm style-689-frameImage style-local-411-c20-frameImage\"><\/div>\n<\/div>\n<\/div>\n<\/div>\n<\/div>\n<\/div>\n<\/div>\n<\/div>\n<\/div>\n<\/div>\n<\/div>\n<\/div>","protected":false},"excerpt":{"rendered":"<p>Notre activit\u00e9 Fond\u00e9e par des experts dans leur domaine, Renergies est une soci\u00e9t\u00e9 sp\u00e9cialis\u00e9 dans le secteur du photovolta\u00efque. Plus pr\u00e9cis\u00e9ment nous agissons dans les domaines des champs solaires et de l&#8217;agrivolta\u00efsme. En savoir plus Agrivolta\u00efsme G\u00e9n\u00e9rez des revenus suppl\u00e9mentaires gr\u00e2ce \u00e0 vos terres agricoles ! Faites coexister \u00e9levage et production d&#8217;\u00e9nergie solaire, g\u00e9n\u00e9rez une [&hellip;]<\/p>\n","protected":false},"author":1,"featured_media":0,"parent":0,"menu_order":0,"comment_status":"closed","ping_status":"closed","template":"page-templates\/homepage.php","meta":{"footnotes":""},"class_list":["post-411","page","type-page","status-publish","hentry"],"_links":{"self":[{"href":"https:\/\/renergies.fr\/index.php\/wp-json\/wp\/v2\/pages\/411","targetHints":{"allow":["GET"]}}],"collection":[{"href":"https:\/\/renergies.fr\/index.php\/wp-json\/wp\/v2\/pages"}],"about":[{"href":"https:\/\/renergies.fr\/index.php\/wp-json\/wp\/v2\/types\/page"}],"author":[{"embeddable":true,"href":"https:\/\/renergies.fr\/index.php\/wp-json\/wp\/v2\/users\/1"}],"replies":[{"embeddable":true,"href":"https:\/\/renergies.fr\/index.php\/wp-json\/wp\/v2\/comments?post=411"}],"version-history":[{"count":20,"href":"https:\/\/renergies.fr\/index.php\/wp-json\/wp\/v2\/pages\/411\/revisions"}],"predecessor-version":[{"id":2042,"href":"https:\/\/renergies.fr\/index.php\/wp-json\/wp\/v2\/pages\/411\/revisions\/2042"}],"wp:attachment":[{"href":"https:\/\/renergies.fr\/index.php\/wp-json\/wp\/v2\/media?parent=411"}],"curies":[{"name":"wp","href":"https:\/\/api.w.org\/{rel}","templated":true}]}}